lse
Is 193533019 prime?
True
Is 1087560217 a composite number?
True
Is 244392406873 a prime number?
True
Is 935325527 composite?
True
Is 788354869 composite?
True
Is 18795517211 composite?
True
Is 8621182319 a prime number?
True
Is 7187443477 a prime number?
True
Is 13109366981 a composite number?
False
Is 445383249 prime?
False
Is 25613171959 composite?
True
Is 17028025087 composite?
True
Is 1941471121 a prime number?
True
Is 3727167331 a prime number?
True
Is 5192004799 a prime number?
False
Is 26084095283 a prime number?
False
Is 96046829 a prime number?
True
Is 10644656261 a composite number?
True
Is 3677393717 composite?
False
Is 12479601823 a composite number?
True
Is 35920780397 prime?
True
Is 46606709 prime?
False
Is 73924823977 prime?
True
Is 748817611 a prime number?
True
Is 41505278141 prime?
True
Is 93269928043 a prime number?
True
Is 791198623 a composite number?
False
Is 166544339 a prime number?
False
Is 1095670495633 a composite number?
True
Is 22793310623 a prime number?
False
Is 2263862735 prime?
False
Is 46144325219 prime?
True
Is 3653104349 a composite number?
False
Is 80732660237 a composite number?
True
Is 31652141 composite?
True
Is 2571349453 prime?
True
Is 12452872645 prime?
False
Is 3370606219 prime?
False
Is 244107181 a prime number?
False
Is 264215989 a composite number?
True
Is 6088619899 prime?
True
Is 891338639 a composite number?
True
Is 505424123 prime?
True
Is 2112100027 prime?
False
Is 111422672891 composite?
True
Is 639627657 composite?
True
Is 13444902409 prime?
False
Is 13483668731 composite?
True
Is 74547457 a prime number?
True
Is 25181261461 a composite number?
True
Is 1161119701 composite?
True
Is 2922472957 prime?
True
Is 2866839083 prime?
False
Is 8396882821 a composite number?
False
Is 1559104027 composite?
True
Is 7176823931 a composite number?
True
Is 4014696661 composite?
False
Is 273073285981 prime?
True
Is 9954036347 prime?
False
Is 50278747003 prime?
True
Is 13522937509 prime?
True
Is 16753846067 composite?
True
Is 6155710109 a composite number?
False
Is 490225903 composite?
True
Is 1197490369 a prime number?
False
Is 27580567013 composite?
True
Is 51433888633 prime?
True
Is 49000917491 composite?
True
Is 2411610241 prime?
False
Is 2782589947 prime?
True
Is 3933967691 a prime number?
False
Is 10896302009 a prime number?
True
Is 7602883403 prime?
True
Is 59614358497 prime?
False
Is 22321980467 a composite number?
False
Is 6471177611 composite?
False
Is 32879191 a composite number?
True
Is 2246451349 composite?
True
Is 70922857 a composite number?
False
Is 115878563 a prime number?
True
Is 106595429 a prime number?
True
Is 4946018933 prime?
False
Is 846515641 a prime number?
False
Is 1872322561 prime?
False
Is 149545494949 a composite number?
True
Is 4733245457 a composite number?
False
Is 521474939 a prime number?
False
Is 578788981 a prime number?
True
Is 7213596953 a prime number?
True
Is 60728887841 a composite number?
True
Is 524668493977 prime?
False
Is 4146028349 a prime number?
True
Is 291061151137 prime?
True
Is 768621437 prime?
True
Is 678402397 a composite number?
False
Is 31552473259 a prime number?
True
Is 28976552749 a composite number?
True
Is 266958750101 a prime number?
True
Is 560848333 a composite number?
False
Is 2986707943 a prime number?
True
Is 2222533927 composite?
False
Is 7582932293 prime?
True
Is 132828301 a prime number?
True
Is 934160599 composite?
False
Is 9805877113 composite?
True
Is 368463697 prime?
False
Is 1689480041 composite?
False
Is 2395047671 a prime number?
True
Is 46268587367 prime?
True
Is 47064304447 prime?
True
Is 3083874917 prime?
False
Is 182163414445 prime?
False
Is 1295806571 a composite number?
True
Is 2812865401 a prime number?
True
Is 1264007741 composite?
False
Is 19103874473 composite?
False
Is 142459349 composite?
False
Is 9152066879 a composite number?
False
Is 7491692693 composite?
True
Is 13396062599 a composite number?
False
Is 1392208003 a composite number?
False
Is 264660983 a composite number?
False
Is 204462779821 prime?
True
Is 4954434613 a composite number?
False
Is 4480545341 composite?
False
Is 175185749 a prime number?
True
Is 187093117 a composite number?
True
Is 3437003379 a prime number?
False
Is 466524323 composite?
True
Is 1270252271 prime?
True
Is 580536458 composite?
True
Is 2396415517 composite?
True
Is 34798889877 composite?
True
Is 9825667543 composite?
True
Is 2195404369 a prime number?
True
Is 843623023 prime?
True
Is 91475733 prime?
False
Is 1970165807 a prime number?
False
Is 84620179 composite?
True
Is 45609314429 composite?
True
Is 19713482767 prime?
False
Is 623726477 composite?
True
Is 131277167 a prime number?
False
Is 1277948318 a composite number?
True
Is 151400401 a composite number?
False
Is 83804329993 a prime number?
True
Is 267724187 composite?
True
Is 118451932259 prime?
False
Is 62431558907 prime?
True
Is 97380253093 a composite number?
True
Is 170921564767 composite?
True
Is 157495141327 prime?
True
Is 39398240719 composite?
False
Is 12668048647 prime?
False
Is 12519629329 composite?
False
Is 231731459 a prime number?
True
Is 145664894527 a composite number?
False
Is 105347387 prime?
False
Is 1154280145 a composite number?
True
Is 1861623301 composite?
True
Is 39256852351 a composite number?
True
Is 33140157419 a prime number?
True
Is 11375191787 composite?
True
Is 1198809317 composite?
False
Is 1010074811 a composite number?
True
Is 5344145207 a composite number?
False
Is 10146944789 a composite number?
False
Is 54437329159 composite?
False
Is 822260753 a composite number?
False
Is 817564807 a composite number?
True
Is 3939479273 a prime number?
True
Is 2568389807 prime?
True
Is 2525514119 prime?
False
Is 17616107981 a prime number?
False
Is 931749733 composite?
True
Is 184913851 composite?
False
Is 1875820379 composite?
True
Is 57447606301 a composite number?
False
Is 1178211289 a prime number?
True
Is 25531747 a composite number?
True
Is 17526998659 prime?
False
Is 4326329123 composite?
True
Is 20094830891 prime?
False
Is 5488108163 a prime number?
False
Is 132868203113 a prime number?
True
Is 2527858111 a prime number?
True
Is 30879032227 prime?
True
Is 1863569399 a composite number?
True
Is 27733424489 a composite number?
True
Is 1937891929 a composite number?
False
Is 1075527139 a prime number?
True
Is 117116115917 composite?
False
Is 44862702197 a prime number?
False
Is 27493026091 a prime number?
False
Is 4441278827 a prime number?
True
Is 6393013631 prime?
True
Is 28570294 a composite number?
True
Is 733574311 a composite number?
True
Is 613412213 prime?
True
Is 1664907551 a composite number?
False
Is 99790474531 composite?
True
Is 318532139 composite?
False
Is 71344517141 prime?
False
Is 2044732159 a prime number?
False
Is 448726651 a prime number?
False
Is 25048943401 prime?
False
Is 393158443 composite?
True
Is 7166260709 composite?
False
Is 139532501 prime?
True
Is 14408798287 a prime number?
False
Is 44941115179 a composite number?
False
Is 12505486561 composite?
True
Is 15030365393 a prime number?
False
Is 6862535993 a prime number?
True
Is 21158073539 prime?
True
Is 14412754913 a prime number?
False
Is 3136762963 a prime number?
True
Is 997340879 composite?
False
Is 26353487681 a prime number?
False
Is 86519168401 composite?
False
Is 16526057831 a prime number?
True
Is 1447546007 a composite number?
True
Is 1641884051 a composite number?
True
Is 135228559 prime?
False
Is 2994028159 prime?
True
Is 717840077 composite?
True
Is 17161034369 composite?
False
Is 8801254699 a prime number?
True
Is 2998339306 prime?
False
Is 516938447 a prime number?
True
Is 84743647 a composite number?
True
Is 1669665449 composite?
True
Is 13935175223 prime?
True
Is 13946858513 a composite number?
True
Is 3192693887 a composite number?
True
Is 60578289971 a composite number?
False
Is 769209667 prime?
True
Is 2570974273 prime?
False
Is 352332809 a composite number?
True
Is 35091755081 prime?
False
Is 86613433 composite?
True
Is 60395289485 a prime number?
False
Is 385067552257 prime?
True
Is 470133047 a prime number?
True
Is 351001043 a composite number?
False
Is 45327578291 prime?
True
Is 641413889 prime?
False
Is 19833082931 a composite number?
False
Is 1296206573 a prime number?
False
Is 70530651427 a